(c) + 24*p(c). Calculate i(-4).
15
Let c(u) = -u**2 + 5*u + 3. Let b be -2*1*(-159)/106. Suppose 5*o + 5 = -y, b*y + 5*o - 8 + 3 = 0. Determine c(y).
3
Suppose 24 = 7*t + 3. Suppose t*y - 49 = -43. Let j(z) = -261*z - 265*z + y + 527*z. Determine j(-3).
-1
Let m = 19963 + -19965. Let o(p) = -2*p**3 - 5*p**2 - 5*p - 2. What is o(m)?
4
Suppose -3*v + 6*t = 2*t + 48, -v + 18 = 10*t. Let f(k) = -k**2 - 10*k - 6. What is f(v)?
-30
Let a(l) = -l**3 - 6*l**2 - 6*l + 1. Suppose 246*k - 40 = 256*k. What is a(k)?
-7
Let l(m) = m**2 - 6*m - 5. Suppose 0 = -184*k + 194*k. Calculate l(k).
-5
Let n(a) = -a**3 - 164 + 3*a - 170 + 335 + 4*a**2. Calculate n(3).
19
Let i(c) = 15*c - 35*c + 15*c + 5. Let g(r) = 8*r**2 + 3*r + 6. Let x be g(-2). Let o be (-21)/(-6)*x/28. What is i(o)?
-15
Let h(t) = -17*t - 1. Let y be h(1). Let n be 56/10 - y/(-30). Let f(o) = 3*o - 2*o - n*o + 5*o. Determine f(-1).
-1
Let w(r) be the second derivative of r**5/20 - r**4 - r**3/6 + 13*r**2 + 1834*r. What is w(11)?
-106
Suppose -2*y - 3*d + 78 = 0, -3*y - 13*d + 92 = -178. Let q(c) = 0*c - c + 0*c - 6. What is q(y)?
-18
Suppose 3*l - 1188 = 22*l - 1169. Let f(p) = 74*p**2 - 3*p - 2. Determine f(l).
75
Let i(t) be the second derivative of -t**6/360 - t**5/120 - t**4/12 - 16*t**3/3 + t**2/2 + 27*t. Let f(s) be the second derivative of i(s). Calculate f(0).
-2
Let r(m) = -3*m - 3. Let o(g) = 2*g - 18. Let u be o(11). Suppose 6*h - 30 = 5*h + 3*i, -4*h + 112 = -u*i. Suppose 4*k + 7 = h. Calculate r(k).
-18
Let x(s) = -2*s + 1. Let u = -150 - -289. Suppose 534 = 5*b + u. Let g = 81 - b. Give x(g).
-3
Let w(v) = 38087*v - 18 + 0 - v**2 - 38100*v. What is w(-11)?
4
Let h(d) = -7*d + 6. Let t = -9169 - -9169. Determine h(t).
6
Let t(o) = o**2 + 56*o - 100. Let w be t(-51). Let f = 357 + w. Let p(v) = 1 - 3*v - 1 - 1. What is p(f)?
-7
Let i = 132 + -82. Let k be 15/20 - i/(-8). Suppose -13 + k = -3*n. Let z(m) = -m**2 + 3*m - 3. Give z(n).
-1
Let z(m) = 2*m**3 + 9*m**2 + 3*m + 10. Let i be z(-4). Let v be 4/i + (-200)/(-35). Let h(x) be the first derivative of x**4/4 - 2*x**3 - 2*x - 1. What is h(v)?
-2
Let j(f) = f**3 - 4*f**2 - 2*f - 4. Let t = -136 + 163. Suppose t = -l + 31. Determine j(l).
-12
Let i be (-73 - 4368/(-60))/((-1)/30). Let x(y) = 3*y**3 - 5*y**2 - 2*y**3 - 6*y + 18 - 8. Calculate x(i).
10
Let n(a) be the second derivative of a**3/6 - 24*a**2 - 5370*a. What is n(21)?
-27
Let z be (-12)/3 - (12/3 - -1). Let u(i) = -3*i**2 - 43*i - 37*i + 4*i**2 + 89*i - 1. Determine u(z).
-1
Let i(r) = -3*r + 18 + 68*r**2 - 54*r**2 - 2*r - 6*r - 3*r - r**3. Give i(13).
5
Suppose 2*q - 28 = -3*t - 97, -75 = 3*t + 4*q. Let y(i) = 4*i + 81. Determine y(t).
-3
Let z be ((-329)/4)/(-7) + 2/8. Let f(y) = -3*y + 44. Let c be f(z). Let d(p) = p**3 - 7*p**2 - 9*p + 4. Calculate d(c).
-4
Let o(i) be the first derivative of -6*i**2 + 105*i + 2800. Determine o(8).
9
Let a(d) = -d + 4. Let y = 35 + -22. Let w be (((-4)/2)/2)/(y/65). Calculate a(w).
9
Suppose 142 = -8*v + 3*a, -214*v + 215*v - 3*a = -23. Let t(p) = p**3 + 19*p**2 + 34*p - 1. Determine t(v).
-1
Let y(a) = -5*a + 20*a - 10*a - 9*a + 1. What is y(7)?
-27
Suppose 9*b = 4*b - 5*o - 10, 0 = 2*b + o + 2. Let v(y) = -91*y + 375*y - 93*y - 103*y - 3 - 89*y. Determine v(b).
-3
Suppose 4*x - 17 = 1270*p - 1265*p, 4*p = -4*x + 44. Let c(u) = -u**2 - u + 9. Give c(p).
-3
Let k(r) = 40*r**3 + 24*r**2 + 12*r + 1. Let c(l) = 14*l**3 + 9*l**2 + 4*l + 1. Let m(w) = -17*c(w) + 6*k(w). What is m(4)?
-11
Let y(i) be the third derivative of -5/6*i**3 + 1/4*i**4 - 11*i**2 - 1/120*i**6 + 1/10*i**5 + 0*i + 0. Determine y(6).
31
Let y be 0/2*(-4)/8. Let m(r) be the first derivative of -r**2 - 55605. Calculate m(y).
0
Suppose t + 3 = 3*d + d, 0 = -d + 4. Let x be ((0/t)/(1 + 1))/1. Let y(g) = -g - 8. What is y(x)?
-8
Let b(f) be the second derivative of f**4/12 - 17*f**3/6 + 11*f**2/2 - 7983*f. Determine b(17).
11
Let p = -2 + 7. Let z(l) be the first derivative of -3*l**2 + 4*l + 13578. What is z(p)?
-26
Let f(a) = -182*a**2 - 186*a**2 + 547*a**2 - 178*a**2 - 30. What is f(0)?
-30
Let r(q) = q. Suppose -3*j - j + 5*g + 96 = 0, 56 = 4*j + 5*g. Let p = 10 - j. Let b = -15 - p. Determine r(b).
-6
Let p be (-1 - (-35)/21) + (-5)/3. Let n(r) = 3*r + 1. Let k(u) = 19*u - 2. Let h(w) = -k(w) - 3*n(w). Calculate h(p).
27
Let j(k) = 20*k**3 - 2*k**2 - 3*k - 8. Let n(c) = 3*c**3 - c**2 - 2. Let a(z) = -j(z) + 4*n(z). Calculate a(2).
-66
Let g(m) = -10*m + 1. Let r(f) = -37*f + 13. Let i(l) = 5*g(l) - r(l). Determine i(-1).
5
Let s(t) = t - 1. Let l(k) = -10*k - 2. Let u(m) = -m - 1. Let n(h) = l(h) - u(h). Let a be (1 + -2 + 2)/1. Let q(b) = a*n(b) + 6*s(b). What is q(-6)?
11
Suppose -g + 2*d + 2*d - 13 = 0, -3*g = 4*d - 25. Suppose c = -g - 3. Let o(k) = -3 - 5530*k**2 + 2 - k**3 - 6*k + 5523*k**2. Calculate o(c).
-1
Let c(y) = -y**2 - 2. Let g be (-12)/(-8 - (1 + -8)). Let j(z) = -z**2 + 4*z + 4. Let v be j(4). Suppose u - 15 = -v*u - 5*d, g = -u + 2*d. Calculate c(u).
-6
Let o(p) be the second derivative of -p**7/168 + p**6/360 - p**5/120 - 2*p**3/3 + 3*p**2 + 212*p. Let b(q) be the second derivative of o(q). What is b(2)?
-38
Let b be ((-102)/12 + 8)*(-1 - -1). Let s(o) = -17 - 296*o + b + 297*o. Calculate s(13).
-4
Let f = -69 - -72. Suppose -5*m - 37 = -2*v, m = 4*v - f*m - 44. Let g be (v/(-9))/(2/3). Let s(y) = 2*y**2 - y - 1. Calculate s(g).
2
Let r(c) = -209*c**3 + 60*c**3 + 148*c**3 - 7 - 7*c**2 - 14*c. Give r(-4).
1
Let g(p) = -p**2 + 6*p - 4. Let w(t) = t**2 - t - 40. Let q be w(7). Suppose 23 - 27 = -2*c - q*n, -10 = 5*n. Determine g(c).
4
Let b(f) = 2*f**2 - 23*f + 5. Suppose 12*v - 99 + 71 = 128. What is b(v)?
44
Let x(r) = r**2 - 2*r - 33. Suppose 5*v + 81*b - 17 = 78*b, 4*v = -5*b - 2. What is x(v)?
2
Let a be (-105)/6*(-348)/(-435). Let b(h) = h**2 + 17*h + 18. Calculate b(a).
-24
Let d(z) = 14*z + 391. Let f be d(-28). Let q(r) = -r**2 + 17*r**3 - 10 + 0*r - 2*r + 9. Determine q(f).
-17
Suppose -16*o = -14*o - 190. Let h = -57 + o. Suppose -h*y + 8 = -40*y. Let z(f) = f**2 + 2*f - 3. What is z(y)?
5
Let k(b) = -13*b**3 + 11*b**2 + 3*b + 25. Let c(h) = 21*h**3 - 16*h**2 - 4*h - 39. Let l(g) = 5*c(g) + 8*k(g). What is l(-5)?
60
Let n(u) = 31 - 10 - 6 + u - 14. Let a be -1 + -4 + -4 + 3 - -4. Let q be (2/12 - 16/24)*a. Determine n(q).
2
Let s be (-11 - -4) + (-1 - (2 - 19)). Let d(b) = -b + 29. Calculate d(s).
20
Let r(v) be the second derivative of v**4/12 - 5*v**3/2 + 3*v**2 + 127*v. What is r(14)?
-8
Let x(j) = j**3 + 6*j**2 + 4*j - 6. Let r be x(-4). Let t(w) = 8 - 18 + r - 5*w. Determine t(2).
-10
Let v(l) = l + 9. Let f(b) be the third derivative of 5*b**4/12 - 23*b**3/2 - b**2 + 7*b. Let k be f(6). Give v(k).
0
Let w(s) = 13*s + 15. Let i be w(14). Suppose -4*q = 201 - i. Let n(u) = -39*u + 1. Calculate n(q).
40
Let p = -22 + 23. Let g(x) = -4*x - 7*x**2 + 3 + 10*x**2 - 6*x**2 - p. Suppose 4*f = 3*v + 34 - 26, 2*v + 4*f = -12. Determine g(v).
-30
Let g = 229 + -222. Let p(k) = k**2 + g - 1 - 4. Calculate p(-3).
11
Let w(b) = 3*b**2 + 24*b + 1. Let q(z) be the third derivative of -z**5/60 - z**4/2 - z**3/6 + 26*z**2. Let l(v) = 7*q(v) + 3*w(v). Determine l(6).
-4
Suppose 4*v + 34 - 14 = 0, 2*y = 2*v + 16. Let m(u) = 5*u - 7. Let l(p) = -5*p + 8. Let t(s) = -4*l(s) - 5*m(s). Give t(y).
-12
Let q(g) = 35*g - 9. Suppose 4*p + 4*i = -i - 39, 2*p = -5*i - 27. Let r(c) = 19*c - 5. Let u(x) = p*q(x) + 11*r(x). Determine u(3).
-4
Suppose 138 = 49*z - 43*z. Suppose z*n = 76 + 39. Let h(p) = 2*p + 6. Determine h(n).
16
Let n(v) = -3*v**2 - 13*v + 1. Let a(p) = p**2 + 6*p - 1. Let w(z) = 5*a(z) + 2*n(z). Suppose 0 = 2*i + 33 - 41. Give w(i).
-3
Suppose 4*o + 4*t - 4 = 0, 9 = 3*o + 2*t + 4. Let r(j) = 12*j**3 - 4 - 4*j**3 - 2*j**3 - o*j - 8*j**2 - 7*j**3. Give r(-7).
-32
Suppose -4*b = 4*k - 28, -8*b + 4*b = -k - 13. Suppose -l + v + 10 = 0, 2*v = -4*l - k + 31. Let q be (-1)/4 - (-1 - (-54)/l). Let s(p) = 4*p + 7. Give s(q).
-17
Let d be 406/224 + 3/16. Let b(f) be the first derivative of -f**d + 4*f + 1/4*f**4 - 5/3*f**3 + 30. Give b(5).
-6
Let p(x) = -2*x**2 + x. Let c(n) = n**3 - 7*n - 11. Let m be c(0). Let h(y) = -y**3 - 11*y**2 - 4*y - 45. Let s be h(m). Give p(s).
-3
Let k(y) = y**3 + y**2 - y + 17. Let g(p) = 8*p**3 - 4*p**2 - 34*p + 146. Let r(a) 